{"id":8,"date":"2016-04-03T20:17:26","date_gmt":"2016-04-03T20:17:26","guid":{"rendered":"http:\/\/taekwondosanlorenzo.es\/Blog\/?page_id=8"},"modified":"2022-09-01T10:03:34","modified_gmt":"2022-09-01T10:03:34","slug":"inicio","status":"publish","type":"page","link":"https:\/\/taekwondosanlorenzo.es\/Blog\/","title":{"rendered":"Inicio"},"content":{"rendered":"<div tabindex=\"0\" class=\"cycloneslider cycloneslider-template-standard cycloneslider-width-responsive\" id=\"cycloneslider-inicio-1\" style=\"max-width:960px\" > <div class=\"cycloneslider-slides cycle-slideshow\" data-cycle-allow-wrap=\"true\" data-cycle-dynamic-height=\"off\" data-cycle-auto-height=\"960:600\" data-cycle-auto-height-easing=\"null\" data-cycle-auto-height-speed=\"250\" data-cycle-delay=\"0\" data-cycle-easing=\"\" data-cycle-fx=\"fade\" data-cycle-hide-non-active=\"true\" data-cycle-log=\"false\" data-cycle-next=\"#cycloneslider-inicio-1 .cycloneslider-next\" data-cycle-pager=\"#cycloneslider-inicio-1 .cycloneslider-pager\" data-cycle-pause-on-hover=\"true\" data-cycle-prev=\"#cycloneslider-inicio-1 .cycloneslider-prev\" data-cycle-slides=\"&gt; div\" data-cycle-speed=\"1000\" data-cycle-swipe=\"1\" data-cycle-tile-count=\"7\" data-cycle-tile-delay=\"100\" data-cycle-tile-vertical=\"true\" data-cycle-timeout=\"4000\" > <div class=\"cycloneslider-slide cycloneslider-slide-image\" > <img decoding=\"async\" src=\"https:\/\/taekwondosanlorenzo.es\/Blog\/wp-content\/uploads\/2016\/04\/maxresdefault-960x600.jpg\" alt=\"\" title=\"\" \/> <div class=\"cycloneslider-caption\"> <div class=\"cycloneslider-caption-title\">Deporte Ol\u00edmpico<\/div> <div class=\"cycloneslider-caption-description\">El Taekwondo es un arte marcial Milenario, convertido en deporte en 1988, siendo deporte ol\u00edmpico desde el 4 de Septiembre de 1994.\nEspa\u00f1a es Referencia mundial habiendo conseguido dos oros y una plata en las ultimas olimpiadas Londres 2012<\/div> <\/div> <\/div> <div class=\"cycloneslider-slide cycloneslider-slide-image\" > <img decoding=\"async\" src=\"https:\/\/taekwondosanlorenzo.es\/Blog\/wp-content\/uploads\/2016\/04\/IMG_0216-960x600.jpg\" alt=\"\" title=\"\" \/> <div class=\"cycloneslider-caption\"> <div class=\"cycloneslider-caption-title\">Ideal para Ni\u00f1os<\/div> <div class=\"cycloneslider-caption-description\">Contribuye positivamente al desarrollo f\u00edsico e intelectual de ni\u00f1os y ni\u00f1as. Ejercita la concentraci\u00f3n y la disciplina que ayudar\u00e1n a los peques en sus deberes escolares.\nFomenta el respeto a otros y la confianza en s\u00ed mismos, y mejora su forma f\u00edsica favoreciendo su desarrollo saludable.<\/div> <\/div> <\/div> <div class=\"cycloneslider-slide cycloneslider-slide-image\" > <img decoding=\"async\" src=\"https:\/\/taekwondosanlorenzo.es\/Blog\/wp-content\/uploads\/2016\/04\/poomsae-minggu-960x600.jpg\" alt=\"\" title=\"\" \/> <div class=\"cycloneslider-caption\"> <div class=\"cycloneslider-caption-title\">Beneficios en las Mujeres<\/div> <div class=\"cycloneslider-caption-description\">Aporta confianza y capacidades de autodefensa. Se trabaja todo el cuerpo, obligando a mantener buenas posturas saludables para evitar dolores de espalda. Tonifica todos los m\u00fasculos generando un cuerpo m\u00e1s fuerte y esbelto.<\/div> <\/div> <\/div> <div class=\"cycloneslider-slide cycloneslider-slide-image\" > <img decoding=\"async\" src=\"https:\/\/taekwondosanlorenzo.es\/Blog\/wp-content\/uploads\/2016\/04\/12617104641377265269-960x600.jpg\" alt=\"\" title=\"\" \/> <div class=\"cycloneslider-caption\"> <div class=\"cycloneslider-caption-title\">Ideal para cualquier edad<\/div> <div class=\"cycloneslider-caption-description\">Ideal tras una jornada de estudio o trabajo. Ayuda a combatir la vida sedentaria, trabajar la relajaci\u00f3n y el desarrollo corporal. Aumenta estabilidad, equilibrio, agilidad y flexibilidad. Mantiene el peso apropiado, disminuye la grasa, y regula el equilibrio cardio-respiratorio<\/div> <\/div> <\/div> <\/div> <div class=\"cycloneslider-pager\"><\/div> <a href=\"#\" class=\"cycloneslider-prev\"> <span class=\"arrow\"><\/span> <\/a> <a href=\"#\" class=\"cycloneslider-next\"> <span class=\"arrow\"><\/span> <\/a> <\/div>\n","protected":false},"excerpt":{"rendered":"","protected":false},"author":1,"featured_media":0,"parent":0,"menu_order":0,"comment_status":"closed","ping_status":"closed","template":"","meta":{"_exactmetrics_skip_tracking":false,"_exactmetrics_sitenote_active":false,"_exactmetrics_sitenote_note":"","_exactmetrics_sitenote_category":0,"_joinchat":[],"footnotes":""},"class_list":["post-8","page","type-page","status-publish","hentry"],"_links":{"self":[{"href":"https:\/\/taekwondosanlorenzo.es\/Blog\/wp-json\/wp\/v2\/pages\/8","targetHints":{"allow":["GET"]}}],"collection":[{"href":"https:\/\/taekwondosanlorenzo.es\/Blog\/wp-json\/wp\/v2\/pages"}],"about":[{"href":"https:\/\/taekwondosanlorenzo.es\/Blog\/wp-json\/wp\/v2\/types\/page"}],"author":[{"embeddable":true,"href":"https:\/\/taekwondosanlorenzo.es\/Blog\/wp-json\/wp\/v2\/users\/1"}],"replies":[{"embeddable":true,"href":"https:\/\/taekwondosanlorenzo.es\/Blog\/wp-json\/wp\/v2\/comments?post=8"}],"version-history":[{"count":18,"href":"https:\/\/taekwondosanlorenzo.es\/Blog\/wp-json\/wp\/v2\/pages\/8\/revisions"}],"predecessor-version":[{"id":1611,"href":"https:\/\/taekwondosanlorenzo.es\/Blog\/wp-json\/wp\/v2\/pages\/8\/revisions\/1611"}],"wp:attachment":[{"href":"https:\/\/taekwondosanlorenzo.es\/Blog\/wp-json\/wp\/v2\/media?parent=8"}],"curies":[{"name":"wp","href":"https:\/\/api.w.org\/{rel}","templated":true}]}}