{"id":126,"date":"2016-04-04T10:28:44","date_gmt":"2016-04-04T10:28:44","guid":{"rendered":"http:\/\/taekwondosanlorenzo.es\/Blog\/?page_id=126"},"modified":"2022-10-05T11:17:49","modified_gmt":"2022-10-05T11:17:49","slug":"colegio-antonio-robles-san-lorenzo","status":"publish","type":"page","link":"https:\/\/taekwondosanlorenzo.es\/Blog\/colegio-antonio-robles-san-lorenzo\/","title":{"rendered":"Colegio Leonardo da Vinci  Moralzarzal"},"content":{"rendered":"<p><span style=\"text-decoration: underline;\"><span style=\"color: #000000; text-decoration: underline;\">Taekwondo Benjam\u00edn desde 3 A\u00f1os:<\/span><\/span><br \/>\nLunes y Mi\u00e9rcoles de 17:00h a 18:00h<\/p>\n<p>Martes y Jueves de 17:00h a 18:00h<\/p>\n<p><span style=\"text-decoration: underline;\">Profesor Titular:<\/span> Rafael L\u00f3pez<\/p>\n","protected":false},"excerpt":{"rendered":"<p>Taekwondo Benjam\u00edn desde 3 A\u00f1os: Lunes y Mi\u00e9rcoles de 17:00h a 18:00h Martes y Jueves de 17:00h a 18:00h Profesor Titular: Rafael L\u00f3pez<\/p>\n","protected":false},"author":3,"featured_media":0,"parent":0,"menu_order":0,"comment_status":"closed","ping_status":"closed","template":"","meta":{"_exactmetrics_skip_tracking":false,"_exactmetrics_sitenote_active":false,"_exactmetrics_sitenote_note":"","_exactmetrics_sitenote_category":0,"_joinchat":[],"footnotes":""},"class_list":["post-126","page","type-page","status-publish","hentry"],"_links":{"self":[{"href":"https:\/\/taekwondosanlorenzo.es\/Blog\/wp-json\/wp\/v2\/pages\/126","targetHints":{"allow":["GET"]}}],"collection":[{"href":"https:\/\/taekwondosanlorenzo.es\/Blog\/wp-json\/wp\/v2\/pages"}],"about":[{"href":"https:\/\/taekwondosanlorenzo.es\/Blog\/wp-json\/wp\/v2\/types\/page"}],"author":[{"embeddable":true,"href":"https:\/\/taekwondosanlorenzo.es\/Blog\/wp-json\/wp\/v2\/users\/3"}],"replies":[{"embeddable":true,"href":"https:\/\/taekwondosanlorenzo.es\/Blog\/wp-json\/wp\/v2\/comments?post=126"}],"version-history":[{"count":7,"href":"https:\/\/taekwondosanlorenzo.es\/Blog\/wp-json\/wp\/v2\/pages\/126\/revisions"}],"predecessor-version":[{"id":1799,"href":"https:\/\/taekwondosanlorenzo.es\/Blog\/wp-json\/wp\/v2\/pages\/126\/revisions\/1799"}],"wp:attachment":[{"href":"https:\/\/taekwondosanlorenzo.es\/Blog\/wp-json\/wp\/v2\/media?parent=126"}],"curies":[{"name":"wp","href":"https:\/\/api.w.org\/{rel}","templated":true}]}}